{"id":15,"date":"2023-09-05T21:11:16","date_gmt":"2023-09-05T21:11:16","guid":{"rendered":"https:\/\/dasmashqiptare.al\/?page_id=15"},"modified":"2023-09-07T23:07:09","modified_gmt":"2023-09-07T23:07:09","slug":"15-2","status":"publish","type":"page","link":"https:\/\/dasmashqiptare.al\/","title":{"rendered":"Home"},"content":{"rendered":"\n<div class=\"wp-block-uagb-container uagb-block-d94ab603 alignfull uagb-is-root-container\"><style id=\"depicter-4-inline-pre-css\">\n\n.depicter-revert.depicter-4{\n\tbackground-color:#FFFFFF;\n}\n.depicter-4:not(.depicter-ready){\n\theight:450px;\n}\n\n\/***** Tablet *****\/\n@media screen and (max-width: 1024px){\n\n.depicter-4:not(.depicter-ready){\n\theight:650px;\n}\n\n}\n\/***** Mobile *****\/\n@media screen and (max-width: 767px){\n\n.depicter-4:not(.depicter-ready){\n\theight:450px;\n}\n\n}\n<\/style>\n<div id=\"depicter-4\" class=\"depicter depicter-document depicter-revert depicter-4 depicter-layout-fullwidth\">\n\n<div class=\"depicter-loading-container depicter-loading puff-dark\"><svg class=\"depicter-single-svg-loading\" viewBox=\"0 0 44 44\" xmlns=\"http:\/\/www.w3.org\/2000\/svg\">\n   <g fill=\"none\" fill-rule=\"evenodd\" stroke-width=\"2\">\n      <circle cx=\"22\" cy=\"22\" r=\"1\">\n         <animate attributeName=\"r\" begin=\"0s\" dur=\"1.8s\" values=\"1; 20\" calcMode=\"spline\" keyTimes=\"0; 1\" keySplines=\"0.165, 0.84, 0.44, 1\" repeatCount=\"indefinite\" \/>\n         <animate attributeName=\"stroke-opacity\" begin=\"0s\" dur=\"1.8s\" values=\"1; 0\" calcMode=\"spline\" keyTimes=\"0; 1\" keySplines=\"0.3, 0.61, 0.355, 1\" repeatCount=\"indefinite\" \/>\n      <\/circle>\n      <circle cx=\"22\" cy=\"22\" r=\"1\">\n         <animate attributeName=\"r\" begin=\"-0.9s\" dur=\"1.8s\" values=\"1; 20\" calcMode=\"spline\" keyTimes=\"0; 1\" keySplines=\"0.165, 0.84, 0.44, 1\" repeatCount=\"indefinite\" \/>\n         <animate attributeName=\"stroke-opacity\" begin=\"-0.9s\" dur=\"1.8s\" values=\"1; 0\" calcMode=\"spline\" keyTimes=\"0; 1\" keySplines=\"0.3, 0.61, 0.355, 1\" repeatCount=\"indefinite\" \/>\n      <\/circle>\n   <\/g>\n<\/svg>\n<\/div>\n<div id=\"depicter-4-section-1\" class=\"depicter-section depicter-4-section-1\" data-name=\"Slide 1\" data-type=\"section\" data-local-id=\"section-1\">\n<picture class=\"depicter-bg\">\n<source data-depicter-srcset=\"https:\/\/dasmashqiptare.al\/wp-content\/uploads\/2023\/09\/@UnSisjkwqZM3nCs-768x432.jpg, https:\/\/dasmashqiptare.al\/wp-content\/uploads\/2023\/09\/@UnSisjkwqZM3nCs.jpg 2x\" srcset=\"data:image\/gif;base64,R0lGODlhAQABAIAAAAAAAP\/\/\/yH5BAEAAAAALAAAAAABAAEAAAIBRAA7\" media=\"(max-width: 1024px)\" \/>\n\n<source data-depicter-srcset=\"https:\/\/dasmashqiptare.al\/wp-content\/uploads\/2023\/09\/@UnSisjkwqZM3nCs.jpg, https:\/\/dasmashqiptare.al\/wp-content\/uploads\/2023\/09\/@UnSisjkwqZM3nCs-1920x1080.jpg 2x\" srcset=\"data:image\/gif;base64,R0lGODlhAQABAIAAAAAAAP\/\/\/yH5BAEAAAAALAAAAAABAAEAAAIBRAA7\" media=\"(min-width: 1025px)\" \/>\n<img decoding=\"async\" src=\"data:image\/gif;base64,R0lGODlhAQABAIAAAAAAAP\/\/\/yH5BAEAAAAALAAAAAABAAEAAAIBRAA7\" data-ken-burns=\"{'scale':1,'duration':'5000','focalPoint':{'x':0.5,'y':0.54},'easing':'linear'}\" data-tablet-ken-burns=\"{'scale':0.92,'duration':'5000','focalPoint':{'x':0.5,'y':0.54},'easing':'linear'}\" data-mobile-ken-burns=\"{'scale':0.92,'duration':'5000','focalPoint':{'x':0.5,'y':0.54},'easing':'linear'}\" alt=\"\" data-depicter-src=\"https:\/\/dasmashqiptare.al\/wp-content\/uploads\/2023\/09\/@UnSisjkwqZM3nCs.jpg\" data-object-fit=\"cover,custom,custom\" data-crop=\"{'focalPoint':{'x':0.5,'y':0.5},'mediaSize':{'width':1600,'height':897.1007371007371}}\" data-tablet-crop=\"{'focalPoint':{'x':0.5,'y':0.5},'mediaSize':{'width':1947,'height':1092}}\" data-mobile-crop=\"{'focalPoint':{'x':0.5,'y':0.54},'mediaSize':{'width':1800,'height':1008}}\" \/>\n<\/picture>\n\n\n<div id=\"depicter-4-element-26\" class=\"depicter-element depicter-layer depicter-4-element-26\" data-type=\"group\" data-wrap=\"true\" data-name=\"Group 1\" data-local-id=\"element-26\" data-offset=\"x:134px;y:106px;origin:tl\" data-tablet-offset=\"x:65px;y:172px;origin:tl\" data-mobile-offset=\"x:53px;y:114px;origin:tl\" data-width=\"307px,307px,307px\" data-height=\"149px,149px,149px\" data-responsive-scale=\"true,,\">\n<h2 data-animation-in=\"{'direction':'left','easing':'easeOutQuart','duration':2500,'movement':35,'type':'move'}\" data-between-in-out=\"false\" id=\"depicter-4-element-27\" class=\"depicter-element depicter-layer depicter-4-element-27\" data-type=\"text\" data-wrap=\"true\" data-name=\"Text 1\" data-local-id=\"element-27\" data-offset=\"x:0px;y:-10px;origin:ml\" data-mobile-offset=\"x:0px;y:5px;origin:ml\" data-width=\"227.766px,,\" data-height=\"auto,,\" data-responsive-scale=\"true,,\">Dasma juaj<\/h2>\n<h1 data-animation-in=\"{'direction':'left','easing':'easeOutQuart','duration':2500,'movement':35,'delay':200,'type':'move'}\" data-between-in-out=\"false\" data-tablet-animation-in=\"{'direction':'left','easing':'easeOutQuart','duration':2500,'movement':35,'delay':200,'type':'move'}\" data-mobile-animation-in=\"{'direction':'left','easing':'easeOutQuart','duration':2500,'movement':35,'delay':200,'type':'move'}\" id=\"depicter-4-element-28\" class=\"depicter-element depicter-layer depicter-4-element-28\" data-type=\"text\" data-wrap=\"true\" data-name=\"Text 2\" data-local-id=\"element-28\" data-offset=\"x:0px;y:48px;origin:ml\" data-width=\"600px,,\" data-height=\"auto,,\" data-responsive-scale=\"true,,\">tek ne  B\u00ebhet Art!<\/h1>\n<\/div>\n\n<div data-animation-in=\"{'direction':'bottom','easing':'easeOutQuart','duration':2500,'movement':80,'type':'move'}\" data-between-in-out=\"false\" data-tablet-animation-in=\"{'direction':'bottom','easing':'easeOutQuart','duration':2500,'movement':80,'type':'move'}\" id=\"depicter-4-element-32\" class=\"depicter-element depicter-layer depicter-4-element-32\" data-type=\"shape\" data-wrap=\"true\" data-name=\"Shape 2\" data-local-id=\"element-32\" data-offset=\"x:616px;y:100px;origin:tl\" data-tablet-offset=\"x:164px;y:176px;origin:tl\" data-mobile-offset=\"x:-201px;y:116px;origin:tl\" data-width=\"1500px,1500px,1500px\" data-height=\"700px,700px,700px\" data-responsive-scale=\"true,,\" data-hover-off=\"default\"><\/div>\n\n<a href=\"https:\/\/mproduction-ks.com\/booking\/\"><button data-animation-in=\"{'direction':'left','easing':'easeInOutQuart','duration':2200,'movement':0,'scale':1.6,'delay':250,'type':'move'}\" data-between-in-out=\"false\" data-mobile-animation-in=\"{'direction':'left','easing':'easeInOutQuart','duration':2200,'movement':0,'scale':1.6,'delay':250,'type':'move'}\" data-wait-for-action=\"false\" data-animation-in-interactive=\"false\" id=\"depicter-4-element-33\" class=\"depicter-element depicter-layer depicter-4-element-33\" data-type=\"button\" data-wrap=\"true\" data-name=\"Button 1\" data-local-id=\"element-33\" data-offset=\"x:976px;y:191px;origin:tl\" data-tablet-offset=\"x:652px;y:257px;origin:tl\" data-mobile-offset=\"x:92px;y:332px;origin:tl\" data-width=\"250px,250px,150px\" data-height=\"55px,55px,35px\" data-responsive-scale=\"true,,\"><span class=\"dp-inner-content\">Rezervo tani<\/span><\/button><\/a>\n<div data-animation-in=\"{'direction':'left','easing':'easeOutQuart','duration':2500,'movement':{'value':700,'unit':'px'},'delay':250,'type':'move'}\" data-between-in-out=\"false\" id=\"depicter-4-element-34\" class=\"depicter-element depicter-layer depicter-4-element-34\" data-type=\"shape\" data-wrap=\"true\" data-name=\"Shape 3\" data-local-id=\"element-34\" data-offset=\"x:-1009px;y:252px;origin:tl\" data-tablet-offset=\"x:-1080px;y:318px;origin:tl\" data-mobile-offset=\"x:-1219px;y:255px;origin:tl\" data-width=\"1500px,1500px,1500px\" data-height=\"3px,3px,3px\" data-responsive-scale=\"true,,\"><\/div>\n<\/div>\n<\/div>\n<script>\n(window.depicterSetups = window.depicterSetups || []).push(function(){\n\tDepicter.basePath = 'http:\/\/dasmashqiptare.al\/wp-content\/plugins\/depicter\/resources\/scripts\/player\/';\n\tconst dpPlayer = Depicter.setup('.depicter-4',\n\t\t{\"width\":[\"1600\",\"1024\",\"360\"],\"height\":[\"450\",\"650\",\"450\"],\"view\":\"basic\",\"keepAspectRatio\":true,\"preload\":\"all\",\"layout\":\"fullwidth\",\"rtl\":false,\"initAfterAppear\":false,\"ajaxApiUrl\":\"https:\\\/\\\/dasmashqiptare.al\\\/wp-admin\\\/admin-ajax.php\",\"viewOptions\":{\"loop\":false},\"slideshow\":{\"duration\":15,\"pauseOnHover\":true,\"autostart\":true},\"mouseSwipe\":true,\"touchSwipe\":true,\"keyboard\":false,\"fullscreenMargin\":\"0\",\"useWatermark\":false}\n\t);\n});\n<\/script><\/div>\n\n\n\n<div data-aos= \"flip-down\" data-aos-duration=\"400\" data-aos-delay=\"0\" data-aos-easing=\"ease\" data-aos-once=\"true\" class=\"wp-block-uagb-container uagb-block-89c2ee0a alignfull uagb-is-root-container\"><div class=\"uagb-container__shape uagb-container__shape-bottom uagb-container__shape-flip uagb-container__invert\" data-negative=\"false\"><svg xmlns=\"https:\/\/www.w3.org\/2000\/svg\" viewBox=\"0 0 2600 131.1\" preserveAspectRatio=\"none\"><path class=\"uagb-container__shape-fill\" d=\"M0 0L2600 0 2600 69.1 0 0z\"><\/path><path class=\"uagb-container__shape-fill\" opacity=\"0.5\" d=\"M0 0L2600 0 2600 69.1 0 69.1z\"><\/path><path class=\"uagb-container__shape-fill\" opacity=\"0.25\" d=\"M2600 0L0 0 0 130.1 2600 69.1z\"><\/path><\/svg><\/div><div class=\"uagb-container-inner-blocks-wrap\">\n<div class=\"wp-block-uagb-container uagb-block-9ee7e22e\">\n<div class=\"wp-block-uagb-advanced-heading uagb-block-5e449d13\"><h2 class=\"uagb-heading-text\">Mir\u00ebsevini n\u00eb MProduction<\/h2><p class=\"uagb-desc-text\">Jemi nj\u00eb ekip i pasionuar p\u00ebr krijimin e p\u00ebrvojave audiovizuale t\u00eb mrekullueshme. Me nj\u00eb p\u00ebrvoj\u00eb t\u00eb pasur dhe nj\u00eb vizion krijues, Ne MProduction jemi lider n\u00eb produksionin e videove t\u00eb shk\u00eblqyera p\u00ebr Dasmen tuaj po ashtu dhe p\u00ebr Biznesin tuaj.<\/p><div class=\"uagb-separator\"><\/div><\/div>\n<\/div>\n<\/div><\/div>\n\n\n\n<div data-aos= \"flip-up\" data-aos-duration=\"400\" data-aos-delay=\"0\" data-aos-easing=\"ease\" data-aos-once=\"true\" class=\"wp-block-uagb-container uagb-block-8a27267a alignfull uagb-is-root-container\"><div class=\"uagb-container__shape uagb-container__shape-top uagb-container__shape-flip\"><svg xmlns=\"https:\/\/www.w3.org\/2000\/svg\" viewBox=\"0 0 2600 131.1\" preserveAspectRatio=\"none\"><path class=\"uagb-container__shape-fill\" d=\"M0 0L2600 0 2600 69.1 0 0z\"><\/path><path class=\"uagb-container__shape-fill\" opacity=\"0.5\" d=\"M0 0L2600 0 2600 69.1 0 69.1z\"><\/path><path class=\"uagb-container__shape-fill\" opacity=\"0.25\" d=\"M2600 0L0 0 0 130.1 2600 69.1z\"><\/path><\/svg><\/div><div class=\"uagb-container-inner-blocks-wrap\"><style>.kb-row-layout-id15_d43882-74 > .kt-row-column-wrap{align-content:start;}:where(.kb-row-layout-id15_d43882-74 > .kt-row-column-wrap) > .wp-block-kadence-column{justify-content:start;}.kb-row-layout-id15_d43882-74 > .kt-row-column-wrap{column-gap:var(--global-kb-gap-md, 2rem);row-gap:var(--global-kb-gap-md, 2rem);padding-top:var(--global-kb-spacing-sm, 1.5rem);padding-bottom:var(--global-kb-spacing-md, 2rem);}.kb-row-layout-id15_d43882-74 > .kt-row-column-wrap > div:not(.added-for-specificity){grid-column:initial;}.kb-row-layout-id15_d43882-74 > .kt-row-column-wrap{grid-template-columns:repeat(4, minmax(0, 1fr));}.kb-row-layout-id15_d43882-74 > .kt-row-layout-overlay{opacity:0.30;}@media all and (max-width: 1024px){.kb-row-layout-id15_d43882-74 > .kt-row-column-wrap > div:not(.added-for-specificity){grid-column:initial;}}@media all and (max-width: 1024px){.kb-row-layout-id15_d43882-74 > .kt-row-column-wrap{grid-template-columns:repeat(4, minmax(0, 1fr));}}@media all and (max-width: 767px){.kb-row-layout-id15_d43882-74 > .kt-row-column-wrap > div:not(.added-for-specificity){grid-column:initial;}.kb-row-layout-id15_d43882-74 > .kt-row-column-wrap{grid-template-columns:minmax(0, 1fr);}}<\/style><div class=\"kb-row-layout-wrap kb-row-layout-id15_d43882-74 alignnone wp-block-kadence-rowlayout\"><div class=\"kt-row-column-wrap kt-has-4-columns kt-row-layout-equal kt-tab-layout-inherit kt-mobile-layout-row kt-row-valign-top\">\n<style>.kadence-column15_4093f5-78 > .kt-inside-inner-col,.kadence-column15_4093f5-78 > .kt-inside-inner-col:before{border-top-left-radius:0px;border-top-right-radius:0px;border-bottom-right-radius:0px;border-bottom-left-radius:0px;}.kadence-column15_4093f5-78 > .kt-inside-inner-col{column-gap:var(--global-kb-gap-sm, 1rem);}.kadence-column15_4093f5-78 > .kt-inside-inner-col{flex-direction:column;}.kadence-column15_4093f5-78 > .kt-inside-inner-col > .aligncenter{width:100%;}.kadence-column15_4093f5-78 > .kt-inside-inner-col:before{opacity:0.3;}.kadence-column15_4093f5-78{position:relative;}@media all and (max-width: 1024px){.kadence-column15_4093f5-78 > .kt-inside-inner-col{flex-direction:column;justify-content:center;}}@media all and (max-width: 767px){.kadence-column15_4093f5-78 > .kt-inside-inner-col{flex-direction:column;justify-content:center;}}<\/style>\n<div class=\"wp-block-kadence-column kadence-column15_4093f5-78\"><div class=\"kt-inside-inner-col\">\n<div class=\"wp-block-uagb-counter uagb-block-ff8b4d4d wp-block-uagb-counter--number\"><div class=\"wp-block-uagb-counter__number\"><span class=\"uagb-counter-block-number\" data-duration=\"1.5\" data-to-value=\"17\" data-from-value=\"0\" data-delimiter=\".\"><\/span><\/div><div class=\"wp-block-uagb-counter__title\">Vite pervoj\u00eb<\/div><\/div>\n<\/div><\/div>\n\n\n<style>.kadence-column15_deb0fd-93 > .kt-inside-inner-col,.kadence-column15_deb0fd-93 > .kt-inside-inner-col:before{border-top-left-radius:0px;border-top-right-radius:0px;border-bottom-right-radius:0px;border-bottom-left-radius:0px;}.kadence-column15_deb0fd-93 > .kt-inside-inner-col{column-gap:var(--global-kb-gap-sm, 1rem);}.kadence-column15_deb0fd-93 > .kt-inside-inner-col{flex-direction:column;}.kadence-column15_deb0fd-93 > .kt-inside-inner-col > .aligncenter{width:100%;}.kadence-column15_deb0fd-93 > .kt-inside-inner-col:before{opacity:0.3;}.kadence-column15_deb0fd-93{position:relative;}@media all and (max-width: 1024px){.kadence-column15_deb0fd-93 > .kt-inside-inner-col{flex-direction:column;justify-content:center;}}@media all and (max-width: 767px){.kadence-column15_deb0fd-93 > .kt-inside-inner-col{flex-direction:column;justify-content:center;}}<\/style>\n<div class=\"wp-block-kadence-column kadence-column15_deb0fd-93\"><div class=\"kt-inside-inner-col\">\n<div class=\"wp-block-uagb-counter uagb-block-9c8b85a6 wp-block-uagb-counter--number\"><div class=\"wp-block-uagb-counter__number\"><span class=\"uagb-counter-block-number\" data-duration=\"1.5\" data-to-value=\"3716\" data-from-value=\"0\" data-delimiter=\".\"><\/span><\/div><div class=\"wp-block-uagb-counter__title\">Klienta t\u00eb knaqur<\/div><\/div>\n<\/div><\/div>\n\n\n<style>.kadence-column15_a1dad6-ce > .kt-inside-inner-col,.kadence-column15_a1dad6-ce > .kt-inside-inner-col:before{border-top-left-radius:0px;border-top-right-radius:0px;border-bottom-right-radius:0px;border-bottom-left-radius:0px;}.kadence-column15_a1dad6-ce > .kt-inside-inner-col{column-gap:var(--global-kb-gap-sm, 1rem);}.kadence-column15_a1dad6-ce > .kt-inside-inner-col{flex-direction:column;}.kadence-column15_a1dad6-ce > .kt-inside-inner-col > .aligncenter{width:100%;}.kadence-column15_a1dad6-ce > .kt-inside-inner-col:before{opacity:0.3;}.kadence-column15_a1dad6-ce{position:relative;}@media all and (max-width: 1024px){.kadence-column15_a1dad6-ce > .kt-inside-inner-col{flex-direction:column;justify-content:center;}}@media all and (max-width: 767px){.kadence-column15_a1dad6-ce > .kt-inside-inner-col{flex-direction:column;justify-content:center;}}<\/style>\n<div class=\"wp-block-kadence-column kadence-column15_a1dad6-ce\"><div class=\"kt-inside-inner-col\">\n<div class=\"wp-block-uagb-counter uagb-block-c81ed224 wp-block-uagb-counter--number\"><div class=\"wp-block-uagb-counter__number\"><span class=\"uagb-counter-block-number\" data-duration=\"1.5\" data-to-value=\"4876\" data-from-value=\"0\" data-delimiter=\".\"><\/span><\/div><div class=\"wp-block-uagb-counter__title\">Projekte t\u00eb p\u00ebrfunduara<\/div><\/div>\n<\/div><\/div>\n\n\n<style>.kadence-column15_ce69a5-e3 > .kt-inside-inner-col,.kadence-column15_ce69a5-e3 > .kt-inside-inner-col:before{border-top-left-radius:0px;border-top-right-radius:0px;border-bottom-right-radius:0px;border-bottom-left-radius:0px;}.kadence-column15_ce69a5-e3 > .kt-inside-inner-col{column-gap:var(--global-kb-gap-sm, 1rem);}.kadence-column15_ce69a5-e3 > .kt-inside-inner-col{flex-direction:column;}.kadence-column15_ce69a5-e3 > .kt-inside-inner-col > .aligncenter{width:100%;}.kadence-column15_ce69a5-e3 > .kt-inside-inner-col:before{opacity:0.3;}.kadence-column15_ce69a5-e3{position:relative;}@media all and (max-width: 1024px){.kadence-column15_ce69a5-e3 > .kt-inside-inner-col{flex-direction:column;justify-content:center;}}@media all and (max-width: 767px){.kadence-column15_ce69a5-e3 > .kt-inside-inner-col{flex-direction:column;justify-content:center;}}<\/style>\n<div class=\"wp-block-kadence-column kadence-column15_ce69a5-e3\"><div class=\"kt-inside-inner-col\">\n<div class=\"wp-block-uagb-counter uagb-block-cfb3e9ba wp-block-uagb-counter--number\"><div class=\"wp-block-uagb-counter__number\"><span class=\"uagb-counter-block-number\" data-duration=\"1.5\" data-to-value=\"45000\" data-from-value=\"0\" data-delimiter=\".\"><\/span><\/div><div class=\"wp-block-uagb-counter__title\">Or\u00eb xhirime<\/div><\/div>\n<\/div><\/div>\n\n<\/div><\/div><\/div><\/div>\n\n\n\n<div data-aos= \"flip-up\" data-aos-duration=\"400\" data-aos-delay=\"0\" data-aos-easing=\"ease\" data-aos-once=\"true\" class=\"wp-block-uagb-container uagb-block-0edd4432 alignfull uagb-is-root-container\"><div class=\"uagb-container__video-wrap\"><video autoplay loop muted playsinline><source src=\"https:\/\/dasmashqiptare.al\/wp-content\/uploads\/2023\/09\/@PxBv77929.mp4\" type=\"video\/mp4\"\/><\/video><\/div><style>.kb-row-layout-id15_3fda55-3d > .kt-row-column-wrap{align-content:start;}:where(.kb-row-layout-id15_3fda55-3d > .kt-row-column-wrap) > .wp-block-kadence-column{justify-content:start;}.kb-row-layout-id15_3fda55-3d > .kt-row-column-wrap{column-gap:var(--global-kb-gap-md, 2rem);row-gap:var(--global-kb-gap-md, 2rem);max-width:var( --global-content-width, 1290px );padding-left:var(--global-content-edge-padding);padding-right:var(--global-content-edge-padding);padding-top:var(--global-kb-spacing-sm, 1.5rem);padding-bottom:var(--global-kb-spacing-sm, 1.5rem);grid-template-columns:minmax(0, 1fr);}.kb-row-layout-id15_3fda55-3d > .kt-row-layout-overlay{opacity:0.30;}@media all and (max-width: 1024px){.kb-row-layout-id15_3fda55-3d > .kt-row-column-wrap{grid-template-columns:minmax(0, 1fr);}}@media all and (max-width: 767px){.kb-row-layout-id15_3fda55-3d > .kt-row-column-wrap{grid-template-columns:minmax(0, 1fr);}}<\/style><div class=\"kb-row-layout-wrap kb-row-layout-id15_3fda55-3d alignnone wp-block-kadence-rowlayout\"><div class=\"kt-row-column-wrap kt-has-1-columns kt-row-layout-equal kt-tab-layout-inherit kt-mobile-layout-row kt-row-valign-top kb-theme-content-width\">\n<style>.kadence-column15_5bfa0a-37 > .kt-inside-inner-col,.kadence-column15_5bfa0a-37 > .kt-inside-inner-col:before{border-top-left-radius:0px;border-top-right-radius:0px;border-bottom-right-radius:0px;border-bottom-left-radius:0px;}.kadence-column15_5bfa0a-37 > .kt-inside-inner-col{column-gap:var(--global-kb-gap-sm, 1rem);}.kadence-column15_5bfa0a-37 > .kt-inside-inner-col{flex-direction:column;}.kadence-column15_5bfa0a-37 > .kt-inside-inner-col > .aligncenter{width:100%;}.kadence-column15_5bfa0a-37 > .kt-inside-inner-col:before{opacity:0.3;}.kadence-column15_5bfa0a-37{position:relative;}@media all and (max-width: 1024px){.kadence-column15_5bfa0a-37 > .kt-inside-inner-col{flex-direction:column;justify-content:center;}}@media all and (max-width: 767px){.kadence-column15_5bfa0a-37 > .kt-inside-inner-col{flex-direction:column;justify-content:center;}}<\/style>\n<div class=\"wp-block-kadence-column kadence-column15_5bfa0a-37\"><div class=\"kt-inside-inner-col\">\n<div class=\"wp-block-uagb-info-box uagb-block-28548b9d uagb-infobox__content-wrap  uagb-infobox-icon-above-title uagb-infobox-image-valign-top\"><div class=\"uagb-ifb-content\"><div class=\"uagb-ifb-title-wrap\"><h3 class=\"uagb-ifb-title\">\u00c7far\u00eb ne ofrojm\u00eb:<\/h3><\/div><p class=\"uagb-ifb-desc\">MProduction \u00ebsht\u00eb partneri juaj i besuesh\u00ebm p\u00ebr Dasmen tuaj, Video Klipet, Eventeve dhe Konferencave t\u00eb ndryshme n\u00eb Kosov\u00eb, Shqip\u00ebri dhe Maqedoni.<br>Q\u00ebllim yn\u00eb \u00ebsht\u00eb t&#8217;i ofroj\u00eb klient\u00ebve tan\u00eb sh\u00ebrbimin e xhirimit t\u00eb ngjarjeve t\u00eb ndryshme p\u00ebrmes pakove speciale p\u00ebr Video Klipe, Dasma, Evente dhe Konferenca. K\u00ebto pako jan\u00eb dizajnuara p\u00ebr t&#8217;i permbushur k\u00ebrkesat nga m\u00eb modestet e deri tek ato m\u00eb specialet, dhe si t\u00eb tilla ato jan\u00eb t\u00eb p\u00ebrshtatshme p\u00ebr \u00e7do klient dhe \u00e7do buxhet.<\/p><\/div><\/div>\n<\/div><\/div>\n\n<\/div><\/div><\/div>\n","protected":false},"excerpt":{"rendered":"<p>Mir\u00ebsevini n\u00eb MProduction Jemi nj\u00eb ekip i pasionuar p\u00ebr krijimin e p\u00ebrvojave audiovizuale t\u00eb mrekullueshme. Me nj\u00eb p\u00ebrvoj\u00eb t\u00eb pasur dhe nj\u00eb vizion krijues, Ne MProduction jemi lider n\u00eb produksionin e videove t\u00eb shk\u00eblqyera p\u00ebr Dasmen tuaj po ashtu dhe p\u00ebr Biznesin tuaj.<\/p>\n","protected":false},"author":1,"featured_media":0,"parent":0,"menu_order":0,"comment_status":"closed","ping_status":"closed","template":"","meta":{"_eb_attr":"","_uag_custom_page_level_css":"","_kadence_starter_templates_imported_post":false,"_kad_post_transparent":"","_kad_post_title":"hide","_kad_post_layout":"fullwidth","_kad_post_sidebar_id":"","_kad_post_content_style":"unboxed","_kad_post_vertical_padding":"default","_kad_post_feature":"default","_kad_post_feature_position":"","_kad_post_header":false,"_kad_post_footer":false,"_kad_post_classname":"","footnotes":""},"class_list":["post-15","page","type-page","status-publish","hentry"],"uagb_featured_image_src":{"full":false,"thumbnail":false,"medium":false,"medium_large":false,"large":false,"1536x1536":false,"2048x2048":false,"depicter-thumbnail":false},"uagb_author_info":{"display_name":"vmpage","author_link":"https:\/\/dasmashqiptare.al\/?author=1"},"uagb_comment_info":0,"uagb_excerpt":"Mir\u00ebsevini n\u00eb MProduction Jemi nj\u00eb ekip i pasionuar p\u00ebr krijimin e p\u00ebrvojave audiovizuale t\u00eb mrekullueshme. Me nj\u00eb p\u00ebrvoj\u00eb t\u00eb pasur dhe nj\u00eb vizion krijues, Ne MProduction jemi lider n\u00eb produksionin e videove t\u00eb shk\u00eblqyera p\u00ebr Dasmen tuaj po ashtu dhe p\u00ebr Biznesin tuaj.","_links":{"self":[{"href":"https:\/\/dasmashqiptare.al\/index.php?rest_route=\/wp\/v2\/pages\/15","targetHints":{"allow":["GET"]}}],"collection":[{"href":"https:\/\/dasmashqiptare.al\/index.php?rest_route=\/wp\/v2\/pages"}],"about":[{"href":"https:\/\/dasmashqiptare.al\/index.php?rest_route=\/wp\/v2\/types\/page"}],"author":[{"embeddable":true,"href":"https:\/\/dasmashqiptare.al\/index.php?rest_route=\/wp\/v2\/users\/1"}],"replies":[{"embeddable":true,"href":"https:\/\/dasmashqiptare.al\/index.php?rest_route=%2Fwp%2Fv2%2Fcomments&post=15"}],"version-history":[{"count":46,"href":"https:\/\/dasmashqiptare.al\/index.php?rest_route=\/wp\/v2\/pages\/15\/revisions"}],"predecessor-version":[{"id":205,"href":"https:\/\/dasmashqiptare.al\/index.php?rest_route=\/wp\/v2\/pages\/15\/revisions\/205"}],"wp:attachment":[{"href":"https:\/\/dasmashqiptare.al\/index.php?rest_route=%2Fwp%2Fv2%2Fmedia&parent=15"}],"curies":[{"name":"wp","href":"https:\/\/api.w.org\/{rel}","templated":true}]}}